{"id":540,"date":"2021-11-20T09:57:37","date_gmt":"2021-11-20T09:57:37","guid":{"rendered":"https:\/\/skrineasatniky.sk\/eshop\/?page_id=540"},"modified":"2022-01-10T07:29:36","modified_gmt":"2022-01-10T07:29:36","slug":"kontakt","status":"publish","type":"page","link":"https:\/\/skrineasatniky.sk\/eshop\/kontakt\/","title":{"rendered":"Kontakt"},"content":{"rendered":"\n<div class=\"wp-block-columns is-layout-flex wp-container-core-columns-is-layout-9d6595d7 wp-block-columns-is-layout-flex\">\n<div class=\"wp-block-column is-layout-flow wp-block-column-is-layout-flow\">\n<center>\n<h3 style=\"color:#ff5839;\"> Obchodn\u00e9 inform\u00e1cie <\/h3>\nOBCHOD, s.r.o.<br>\nTram\u00ednov\u00e1 3<br>\n831 52 Bratislava<br>\n<br>\n<b>I\u010cO:<\/b> 36354937<br>\n<b>I\u010c DPH:<\/b> SK2022174264<br>\n<hr>\n<h3 style=\"color:#ff5839;\">Kontaktn\u00e9 \u00fadaje <\/h3>\n<img decoding=\"async\" src=\"https:\/\/skrineasatniky.sk\/eshop\/dolezite\/email.png\">\n<b>E-mailov\u00e1 adresa<\/b><br>\ninfo@skrineasatniky.sk<br><br>\n<img decoding=\"async\" src=\"https:\/\/skrineasatniky.sk\/eshop\/dolezite\/phone.png\">\n<b>Mobil<\/b><br>\n+421 911 987 575 ( pondelok-piatok 9,00 -17,00 hod )<br>\n<hr>\n<h3 style=\"color:#ff5839;\"> INFO: <\/h3>\n<p>\nOsobn\u00fd odber na posuvn\u00e9 kovanie nie je mo\u017en\u00fd, nako\u013eko nem\u00e1me kamenn\u00fa predaj\u0148u. Osobn\u00fd odber je mo\u017en\u00fd iba na drevotriesky, posuvn\u00e9 dvere v BA-D\u00fabravka!( are\u00e1l technick\u00e9ho skla )\n<\/p><\/center>\n<\/div>\n\n\n\n<div class=\"wp-block-column is-layout-flow wp-block-column-is-layout-flow\">\n<figure class=\"wp-block-image size-full\"><a href=\"https:\/\/skrineasatniky.sk\/kontakt\/index.php\"><img loading=\"lazy\" decoding=\"async\" width=\"320\" height=\"450\" src=\"https:\/\/skrineasatniky.sk\/eshop\/wp-content\/uploads\/2021\/11\/kont.png\" alt=\"\" class=\"wp-image-546\" srcset=\"https:\/\/skrineasatniky.sk\/eshop\/wp-content\/uploads\/2021\/11\/kont.png 320w, https:\/\/skrineasatniky.sk\/eshop\/wp-content\/uploads\/2021\/11\/kont-213x300.png 213w, https:\/\/skrineasatniky.sk\/eshop\/wp-content\/uploads\/2021\/11\/kont-9x12.png 9w\" sizes=\"auto, (max-width: 320px) 100vw, 320px\" \/><\/a><\/figure>\n<\/div>\n<\/div>\n","protected":false},"excerpt":{"rendered":"<p>Obchodn\u00e9 inform\u00e1cie OBCHOD, s.r.o. Tram\u00ednov\u00e1 3 831 52 Bratislava I\u010cO: 36354937 I\u010c DPH: SK2022174264 Kontaktn\u00e9 \u00fadaje E-mailov\u00e1 adresa info@skrineasatniky.sk Mobil +421 911 987 575 ( pondelok-piatok 9,00 -17,00 hod ) INFO: Osobn\u00fd odber na posuvn\u00e9 kovanie nie je mo\u017en\u00fd, nako\u013eko nem\u00e1me kamenn\u00fa predaj\u0148u. Osobn\u00fd odber je mo\u017en\u00fd iba na drevotriesky, posuvn\u00e9 dvere v BA-D\u00fabravka!( are\u00e1l [&hellip;]<\/p>\n","protected":false},"author":1,"featured_media":0,"parent":0,"menu_order":0,"comment_status":"closed","ping_status":"closed","template":"template-fullwidth.php","meta":{"footnotes":""},"class_list":["post-540","page","type-page","status-publish","hentry"],"_links":{"self":[{"href":"https:\/\/skrineasatniky.sk\/eshop\/wp-json\/wp\/v2\/pages\/540","targetHints":{"allow":["GET"]}}],"collection":[{"href":"https:\/\/skrineasatniky.sk\/eshop\/wp-json\/wp\/v2\/pages"}],"about":[{"href":"https:\/\/skrineasatniky.sk\/eshop\/wp-json\/wp\/v2\/types\/page"}],"author":[{"embeddable":true,"href":"https:\/\/skrineasatniky.sk\/eshop\/wp-json\/wp\/v2\/users\/1"}],"replies":[{"embeddable":true,"href":"https:\/\/skrineasatniky.sk\/eshop\/wp-json\/wp\/v2\/comments?post=540"}],"version-history":[{"count":9,"href":"https:\/\/skrineasatniky.sk\/eshop\/wp-json\/wp\/v2\/pages\/540\/revisions"}],"predecessor-version":[{"id":1703,"href":"https:\/\/skrineasatniky.sk\/eshop\/wp-json\/wp\/v2\/pages\/540\/revisions\/1703"}],"wp:attachment":[{"href":"https:\/\/skrineasatniky.sk\/eshop\/wp-json\/wp\/v2\/media?parent=540"}],"curies":[{"name":"wp","href":"https:\/\/api.w.org\/{rel}","templated":true}]}}